e prime factors of 38196?
2, 3, 1061
List the prime factors of 17232.
2, 3, 359
List the prime factors of 89124.
2, 3, 7, 1061
What are the prime factors of 1755?
3, 5, 13
What are the prime factors of 993?
3, 331
What are the prime factors of 16461?
3, 31, 59
What are the prime factors of 17061?
3, 11, 47
What are the prime factors of 2381?
2381
List the prime factors of 4775.
5, 191
List the prime factors of 1579.
1579
List the prime factors of 21242.
2, 13, 19, 43
List the prime factors of 73.
73
List the prime factors of 1552.
2, 97
What are the prime factors of 59962?
2, 7, 4283
List the prime factors of 6048.
2, 3, 7
What are the prime factors of 76304?
2, 19, 251
What are the prime factors of 653?
653
What are the prime factors of 8521?
8521
List the prime factors of 1695.
3, 5, 113
List the prime factors of 3184.
2, 199
What are the prime factors of 16168?
2, 43, 47
What are the prime factors of 841?
29
What are the prime factors of 9573?
3, 3191
What are the prime factors of 5074?
2, 43, 59
List the prime factors of 4251.
3, 13, 109
List the prime factors of 4167.
3, 463
What are the prime factors of 8349?
3, 11, 23
List the prime factors of 1358.
2, 7, 97
List the prime factors of 14959.
7, 2137
What are the prime factors of 118370?
2, 5, 7, 19, 89
What are the prime factors of 6230?
2, 5, 7, 89
What are the prime factors of 5864?
2, 733
List the prime factors of 310.
2, 5, 31
What are the prime factors of 23107?
7, 3301
List the prime factors of 31578.
2, 3, 19, 277
What are the prime factors of 4724?
2, 1181
What are the prime factors of 4784?
2, 13, 23
What are the prime factors of 5650?
2, 5, 113
List the prime factors of 21873.
3, 23, 317
What are the prime factors of 2101?
11, 191
What are the prime factors of 13121?
13121
What are the prime factors of 47758?
2, 23879
List the prime factors of 5027.
11, 457
List the prime factors of 595.
5, 7, 17
List the prime factors of 15981.
3, 7, 761
What are the prime factors of 61150?
2, 5, 1223
What are the prime factors of 10794?
2, 3, 7, 257
List the prime factors of 56530.
2, 5, 5653
What are the prime factors of 675?
3, 5
What are the prime factors of 3622?
2, 1811
List the prime factors of 141077.
71, 1987
What are the prime factors of 8455?
5, 19, 89
What are the prime factors of 3170?
2, 5, 317
List the prime factors of 30128.
2, 7, 269
What are the prime factors of 1689?
3, 563
List the prime factors of 13017.
3, 4339
What are the prime factors of 69168?
2, 3, 11, 131
What are the prime factors of 5383?
7, 769
What are the prime factors of 4482?
2, 3, 83
List the prime factors of 51636.
2, 3, 13, 331
List the prime factors of 31687.
31687
List the prime factors of 8455.
5, 19, 89
List the prime factors of 7860.
2, 3, 5, 131
What are the prime factors of 174?
2, 3, 29
List the prime factors of 448.
2, 7
List the prime factors of 226.
2, 113
List the prime factors of 860.
2, 5, 43
What are the prime factors of 119?
7, 17
List the prime factors of 16153.
29, 557
List the prime factors of 7660.
2, 5, 383
What are the prime factors of 153895?
5, 7, 4397
What are the prime factors of 1982?
2, 991
What are the prime factors of 19876?
2, 4969
List the prime factors of 1013.
1013
List the prime factors of 9227.
9227
List the prime factors of 14119.
7, 2017
What are the prime factors of 17601?
3, 5867
List the prime factors of 838.
2, 419
What are the prime factors of 1033?
1033
What are the prime factors of 4?
2
List the prime factors of 645.
3, 5, 43
What are the prime factors of 13655?
5, 2731
What are the prime factors of 861?
3, 7, 41
What are the prime factors of 37154?
2, 13, 1429
List the prime factors of 223.
223
List the prime factors of 2302.
2, 1151
List the prime factors of 5411.
7, 773
List the prime factors of 29472.
2, 3, 307
What are the prime factors of 5342?
2, 2671
List the prime factors of 5182.
2, 2591
List the prime factors of 3638.
2, 17, 107
What are the prime factors of 5533?
11, 503
What are the prime factors of 7450?
2, 5, 149
What are the prime factors of 25235?
5, 7, 103
What are the prime factors of 18131?
18131
List the prime factors of 2931.
3, 977
What are the prime factors of 41647?
41647
List the prime factors of 1802.
2, 17, 53
What are the prime factors of 66336?
2, 3, 691
List the prime factors of 29643.
3, 41, 241
List the prime factors of 66465.
3, 5, 7, 211
List the prime factors of 330.
2, 3, 5, 11
What are the prime factors of 3294?
2, 3, 61
List the prime factors of 1219.
23, 53
List the prime factors of 7967.
31, 257
What are the prime factors of 935?
5, 11, 17
What are the prime factors of 150319?
13, 31, 373
List the prime factors of 601.
601
List the prime factors of 6552.
2, 3, 7, 13
What are the prime factors of 7253?
7253
List the prime factors of 21395.
5, 11, 389
List the prime factors of 167859.
3, 6217
List the prime factors of 1051.
1051
What are the prime factors of 11741?
59, 199
What are the prime factors of 729?
3
List the prime factors of 27182.
2, 13591
What are the prime factors of 3739?
3739
List the prime factors of 3859.
17, 227
List the prime factors of 21092.
2, 5273
What are the prime factors of 3461?
3461
What are the prime factors of 199879?
101, 1979
List the prime factors of 43075.
5, 1723
What are the prime factors of 987?
3, 7, 47
List the prime factors of 3164.
2, 7, 113
List the prime factors of 7277.
19, 383
What are the prime factors of 23446?
2, 19, 617
List the prime factors of 21521.
21521
What are the prime factors of 629?
17, 37
What are the prime factors of 44105?
5, 8821
List the prime factors of 2037.
3, 7, 97
List the prime factors of 140274.
2, 3, 7793
List the prime factors of 57986.
2, 79, 367
List the prime factors of 4405.
5, 881
What are the prime factors of 18489?
3, 6163
What are the prime factors of 6152?
2, 769
What are the prime factors of 2848?
2, 89
List the prime factors of 199.
199
What are the prime factors of 60?
2, 3, 5
List the prime factors of 2669.
17, 157
What are the prime factors of 138045?
3, 5, 9203
List the prime factors of 30028.
2, 7507
What are the prime factors of 3621?
3, 17, 71
What are the prime factors of 1190?
2, 5, 7, 17
List the prime factors of 10635.
3, 5, 709
List the prime factors of 4493.
4493
List the prime factors of 10417.
11, 947
What are the prime factors of 7762?
2, 3881
What are the prime factors of 22?
2, 11
What are the prime factors of 50751?
3, 5639
List the prime factors of 353.
353
What are the prime factors of 7112?
2, 7, 127
List the prime factors of 7113.
3, 2371
List the prime factors of 1055.
5, 211
What are the prime factors of 8934?
2, 3, 1489
What are the prime factors of 1371?
3, 457
What are the prime factors of 178?
2, 89
What are the prime factors of 6949?
6949
List the prime factors of 76013.
7, 10859
List the prime factors of 1841.
7, 263
List the prime factors of 64.
2
List the prime factors of 1831.
1831
List the prime factors of 117784.
2, 14723
List the prime factors of 71176.
2, 7, 31, 41
What are the prime factors of 5871?
3, 19, 103
List the prime factors of 303.
3, 101
What are the prime factors of 67544?
2, 8443
List the prime factors of 1078.
2, 7, 11
What are the prime factors of 1810?
2, 5, 181
List the prime factors of 33089.
7, 29, 163
What are the prime factors of 1721?
1721
List the prime factors of 11935.
5, 7, 11, 31
What are the prime factors of 2846?
2, 1423
List the prime factors of 1348.
2, 337
What are the prime factors of 89740?
2, 5, 7, 641
What are the prime factors of 4355?
5, 13, 67
What are the prime factors of 47?
47
List the prime factors of 24173.
23, 1051
List the prime factors of 171844.
2, 42961
What are the prime factors of 9339?
3, 11, 283
What are the prime factors of 7388?
2, 1847
List the prime factors of 1143.
3, 127
List the prime factors of 7598.
2, 29, 131
What are the prime factors of 15502?
2, 23, 337
List the prime factors of 111.
3, 37
What are the prime factors of 1477?
7, 211
List the prime factors of 3480.
2, 3, 5, 29
What are the prime factors of 201640?
2, 5, 71
What are the prime factors of 133?
7, 19
List the prime factors of 146862.
2, 3, 41, 199
List the prime factors of 23658.
2, 3, 3943
What are the prime factors of 1080?
2, 3, 5
What are the prime factors of 15695?
5, 